eatest common factor of 2 and k?
2
Suppose 2*o = -2*o + 60. What is the highest common divisor of 120 and o?
15
Suppose -4*x = -77 - 31. Let l = 1 - -17. Calculate the highest common factor of x and l.
9
Let p = 19 - 16. Suppose -4*d = p*u + 8 - 46, 4*d = u + 46. What is the highest common divisor of 99 and d?
11
Let p = -5 + 93. Suppose -2*t - o + 12 = -0*o, 5*o = -2*t - 4. What is the highest common divisor of t and p?
8
Suppose 6*p = 5*f + 2*p - 79, 32 = 2*f - 2*p. Let m be (-1 - 1) + 2 - -4. Suppose -m*t = -6*t + 150. Calculate the highest common divisor of t and f.
15
Suppose -8*p + 24 = -4*p. Let x be (-6 + 3)*(-2)/p. Suppose -2*y + 5*y - 15 = 0. What is the greatest common divisor of x and y?
1
Let x(b) = b**3 + 16*b**2 + 10*b - 7. Let y be x(-15). Calculate the highest common divisor of y and 17.
17
Suppose -13*c + 28 = -11*c. Calculate the greatest common divisor of 35 and c.
7
Suppose 0 = 3*x - 13 - 2. Let n(l) = 4*l - 12. Let k be n(x). Calculate the highest common divisor of 20 and k.
4
Suppose 0 = -2*t + 3*t - 3. Let h be t - (-3 + 1 + -31). Calculate the highest common divisor of h and 18.
18
Let c(r) = 15 + 0*r - r - 6. Let p be c(5). Suppose -2*h - 4*n = -p*h + 26, 4*n - 65 = -5*h. What is the greatest common divisor of 13 and h?
13
Let v be ((-38)/(-6))/(6/18). Let f = -5 - -8. Suppose f*l = -l + 608. Calculate the greatest common divisor of l and v.
19
Let k = -1 + 6. Suppose -19 = -2*l + k*m, 0 = -l + 5*l - 3*m - 17. Let u be (-90)/l*(-9)/3. Calculate the greatest common factor of u and 15.
15
Let u = 14 + -9. Suppose l + 61 = 3*x, -3*x - u*l + 58 = 3. What is the highest common divisor of x and 4?
4
Let p(c) = -2*c**3 + 23*c**2 + 16*c - 20. Let i be p(12). What is the greatest common divisor of 42 and i?
14
Suppose 29*m - 34*m + 175 = 0. What is the greatest common divisor of m and 70?
35
Let x = -3 - -12. Let s be 10*(-1 + x/6). Calculate the highest common factor of s and 35.
5
Let o(d) = -d**2 + 13*d - 9. Let q be o(10). Let i be (-40)/(-12) + 2/(-6). What is the highest common factor of q and i?
3
Let u be (-91)/3 - (-1)/3. Let x = 63 + u. What is the greatest common factor of 3 and x?
3
Let r = 9 + -9. Suppose 2*u = 5*f - 4, r*f + 3*f - 15 = -3*u. Calculate the highest common factor of 27 and u.
3
Let w(s) be the second derivative of 7*s**4/6 + s**3/6 - s**2 + 2*s. Let p be w(2). Suppose -2*m + p = -m. Calculate the greatest common factor of 14 and m.
14
Suppose 5*l = -45 + 10. Let y = l + 12. Calculate the highest common divisor of y and 1.
1
Let t(a) = 25*a + 11. Let h be t(5). Calculate the highest common divisor of h and 17.
17
Suppose -5*t + 392 = -2*o, -5*t + 3*o = -4*t - 81. What is the greatest common divisor of t and 52?
26
Let z(t) = 3. Let m(r) = r + 1. Let a(n) = -6*m(n) + 2*z(n). Let d be a(-1). Let i = d + 0. What is the greatest common factor of 66 and i?
6
Suppose -2*d - 4*c + 59 = c, -5*d = -3*c - 132. Calculate the greatest common divisor of d and 108.
27
Let x be 7/(-28) + (-26)/(-8). Suppose 3*p = -x*w + 15, 0 = -3*p - 8 - 4. Calculate the highest common factor of 9 and w.
9
Let u = 372 + 6. Calculate the highest common divisor of 42 and u.
42
Let w(y) = y**3 + 8*y**2 + 5*y - 3. Let t be -3 - (3 - -1)/1. Let s be w(t). Let u be (-11)/(-4)*-2*-22. Calculate the highest common divisor of u and s.
11
Let a = 143 - 119. Calculate the highest common factor of a and 32.
8
Let h(f) = 3*f + 9. Let x be 34/9 + (-4)/(-18). Let i be h(x). What is the greatest common divisor of i and 105?
21
Let b be ((-3)/2)/(7/(-70)). What is the highest common factor of b and 15?
15
Suppose 0 = -2*x + 3*x - 4. Let i = 0 + 2. Suppose -i*g = 2*v - 6*v + 154, -4*v - 4*g = -172. What is the greatest common factor of x and v?
4
Suppose 337 = 4*d + 5*q, d - 2*q + 0*q = 94. Let t = 15 - 1. Let w = -6 + t. What is the greatest common factor of w and d?
8
Let x = 5 - 3. Suppose -x*t + 4*m + 22 = m, -t + 11 = -2*m. What is the greatest common divisor of t and 77?
11
Let n be (-3)/(-2) + (-273)/(-42). Suppose 4*r = 3*k - 14, -5*k + 5*r - 4 = -29. Let p = k + n. What is the greatest common factor of p and 56?
14
Let x(j) = -2*j + 13. Let n be x(12). Let a = n + 30. Calculate the greatest common divisor of a and 133.
19
Let u(a) = a**3 - 4*a**2 + 5*a - 8. Let q be u(5). Calculate the greatest common factor of 14 and q.
14
Let g = -108 + 159. Calculate the highest common divisor of 136 and g.
17
Let x(v) be the second derivative of v**4/3 - v**2/2 - v. Let f be x(-1). Calculate the highest common factor of 2 and f.
1
Suppose -6*w + 10 = -8. Calculate the greatest common divisor of 3 and w.
3
Suppose l + 8 = -2. Let p be (-4)/3*15/l. Calculate the greatest common factor of p and 2.
2
Let s = 11 + -2. Suppose -5 = -3*b + 7. Suppose -3*n - s = -b*n. What is the highest common divisor of 18 and n?
9
Let n be 6/3*23/2. Calculate the greatest common divisor of 161 and n.
23
Let r be (-1)/((-1 + 3)/158). Let y = r - -149. Let a be ((-7)/(-3))/(2/24). What is the highest common divisor of y and a?
14
Let b = -9 - -21. Let w = -145 - -277. What is the highest common factor of b and w?
12
Let i(r) = -4*r - 3. Let d(p) = 12*p + 10. Let j(n) = 2*d(n) + 7*i(n). Let o be j(-2). What is the highest common divisor of 7 and o?
7
Let g = 1426 - 814. Let r be (g/85)/((-1)/(-5)). What is the highest common divisor of 90 and r?
18
Let k = 279 + -136. What is the highest common factor of k and 13?
13
Let g(s) = s**2 + 8. Let h be ((-2)/(-3))/(4/(-48)). Let j be g(h). Let u be 0 - (-9 + 2) - -2. Calculate the highest common divisor of j and u.
9
Suppose 0 = 2*o - 4*o + 4. Suppose -4*w + o*m + 50 = -0*m, 3*m - 35 = -5*w. What is the highest common divisor of 90 and w?
10
Let d = 0 - -8. Calculate the highest common divisor of d and 20.
4
Suppose -4*t - 4*c + 12 = -3*t, -t = -4*c - 4. Let z = -2 + 2. Suppose 0 = -4*b + 5*q + 128, 3*q - 2*q = z. Calculate the greatest common divisor of t and b.
8
Let u(s) = 156*s**3 - s**2 - s - 1. Let d be u(-1). Let b = 221 + d. What is the highest common factor of b and 8?
8
Suppose -r = 4*r - 10. Suppose -r*v + x = -27, -2*x - 32 - 8 = -3*v. Calculate the greatest common divisor of 126 and v.
14
Let m(r) be the third derivative of r**5/60 + r**4/6 - 7*r**3/6 + 3*r**2. Let h be m(-7). Calculate the greatest common divisor of h and 98.
14
Let z(b) = -b**3 - 10*b**2 + 8*b. Let h be z(-12). Calculate the greatest common divisor of 48 and h.
48
Let v = 132 + -42. Let y be 2 + (6*5 - -4). What is the greatest common factor of v and y?
18
Suppose -2*s + 6 = -6. Suppose -o - 110 = -5*x - s*o, -o - 86 = -3*x. What is the greatest common divisor of x and 3?
3
Let p(k) = k**2 + 20. Let r be p(0). Let s(z) = z + 3. Let d be s(7). What is the highest common factor of r and d?
10
Let d(x) = -x**3 + 8*x**2 - 2*x + 1. Let w be d(6). Suppose -8 = -3*a + w. Let z = 78 - a. Calculate the highest common factor of 22 and z.
11
Let g = -45 - -51. What is the highest common factor of 36 and g?
6
Suppose -3*j + 2 = 14. Let q(f) = -f**3 - 2*f**2 + 4*f - 1. Let w be q(j). What is the greatest common divisor of 120 and w?
15
Let w be 22 + (0 - 0)/(-1). Let m be w*(-8)/(-4 - -2). What is the greatest common factor of 11 and m?
11
Let g(b) = b - 10. Let j be g(11). Suppose -j = -4*q + 7. What is the highest common divisor of 4 and q?
2
Let s be -6*(3 + (-7)/2). Suppose 0 = -5*n, -5*d - s*n = -4*n - 200. Calculate the highest common factor of d and 16.
8
Suppose 2*k + k = 6. Let d(b) = b + 1. Let j be d(k). Let l be 33 - (j - 3/1). What is the highest common factor of 22 and l?
11
Suppose 0*j = j. Let m be 4 - (-4)/(j - -2). Suppose -w - 278 = -5*t - 5*w, 2*w - 112 = -2*t. What is the greatest common divisor of t and m?
6
Let h be (-3 - 1)/(8/(-4)). Suppose -h*z + 2*o = -3*o - 140, 0 = 5*z - 2*o - 308. What is the highest common factor of z and 12?
12
Let p(y) = y**3 + 9*y**2 + 7*y + 4. Let g be p(-6). Suppose -4*t + 52 = 5*c - 2*c, 2*t + c - 24 = 0. What is the greatest common divisor of g and t?
10
Let b(c) = -2*c**3 + 12*c**2 + 2*c - 1. Let v be b(6). Calculate the highest common divisor of 1 and v.
1
Let k = -19 + 23. Suppose 4*z - 28 = -k*o, o + 53 = 5*z - 0*o. Calculate the greatest common divisor of 110 and z.
10
Let x(i) = i**2 - 7*i + 2. Let 